- 200. What is the thousands digit of y(-41)?
5
Let k = -11902 + 19049. What is the thousands digit of k?
7
Suppose -272*p - 28*p + 2619482 - 628682 = 0. What is the hundreds digit of p?
6
Suppose -2*u + c = 2*u - 21, 2*u - 3*c = 3. Suppose -7*x + 1 = -u. What is the tens digit of 1*(x*-1 - (-92 - 10))?
0
Suppose -5*l + 305 = t, 0*t + 3*l = 5*t - 1637. Let j = -61 + t. What is the units digit of j?
4
Let c(y) = 10*y**2 - 39*y - 223. Let s be c(-6). Suppose -468 = -o - 4*d + s, 5*d = -4*o + 3389. What is the tens digit of o?
5
Let v = -3 + -4. Let d(q) = 36*q - 16. Let x(l) = 64*l - 31. Let n(z) = 5*d(z) - 3*x(z). What is the units digit of n(v)?
7
Suppose 37*p - 2535205 = -46*p + 1740457. What is the thousands digit of p?
1
Let g = 44 - 39. Suppose b = -s - 0*b + 137, -g*b + 153 = s. Let w = -78 + s. What is the tens digit of w?
5
Suppose 109*d = 110*d - 11962. What is the units digit of d?
2
Let q(o) = 441*o + 1619. What is the hundreds digit of q(15)?
2
Let y(f) = 187*f - 26*f + 123*f + 137 + 129 - 267. What is the tens digit of y(2)?
6
Let r(j) = 5*j**2 - 40*j - 5. Suppose 0 = 6*l + 46 - 4. What is the tens digit of r(l)?
2
Suppose 0 = 9*b - 11*b + 344. Suppose -32 = 2*d - b. Suppose 4*n + 160 = 2*j, -3*j + 308 = -5*n + d. What is the units digit of j?
6
Let m be 4/8 - 549/(-6)*-1. What is the units digit of -6 + (-13)/(m/798)?
8
Let o(r) = -r**3 - 10*r**2 - 13*r - 4. Let f be 2*(-3)/6 - -15. Let a(v) = -v**3 + 13*v**2 + 15*v - 23. Let m be a(f). What is the units digit of o(m)?
2
Let k = -12 + 27. Suppose 0 = -3*j - 2*s + k, -4*j + 2*j - 5*s + 10 = 0. Suppose 2*b - j*w = 10 + 28, 0 = 4*w. What is the tens digit of b?
1
Let j = 18184 + 130588. What is the units digit of j/91 + 12/(-14)?
4
Suppose -14*u - 6533 + 38123 = -4*u. What is the thousands digit of u?
3
Suppose 2*v - 11851 = -3*j - 4056, 11692 = 3*v + 5*j. What is the units digit of v?
9
Suppose -4*h + 9*h = 595. Suppose 2*p + 4*p + 366 = 0. Let k = p + h. What is the units digit of k?
8
Let x = 31 - 54. Let w = x - -27. What is the tens digit of 74 - -3 - (4 - w)?
7
Let v be (2 - 1)*98/(-2). Let f = v + 50. What is the tens digit of f*(-212)/(-12)*3?
5
What is the thousands digit of ((-67197)/4)/(-39)*132?
6
Let c = -21550 - -64746. What is the tens digit of c?
9
Suppose -2*r = -4*m + 16, -m + r + 1 + 5 = 0. Suppose -4*a = m*s, a + 3*a + 16 = 2*s. What is the tens digit of (-2 - -4 - 0)/(a/(-18))?
1
Let k(y) = -2*y + 67. Let f(u) = -7*u + 6. Let w be f(-3). What is the units digit of k(w)?
3
Let l = 457 - 455. Suppose 5*t - l*z - 2955 = 0, -3*t + 5*t - 1161 = 5*z. What is the tens digit of t?
9
What is the hundreds digit of -26*(-6 + (-7 - 13) - -6)?
5
What is the tens digit of 4/(-68) + 5152796/187?
5
Let a(p) = -273*p + 10806. What is the thousands digit of a(30)?
2
Let u be (1 - 2/(-3))*33/11. Suppose -2*k + 125 = z, -u*k - 4*z + 313 = -z. Suppose 58*a - 56*a - k = 0. What is the tens digit of a?
3
Suppose 29*s = 27*s + 26282. Suppose 7*p - s = -10*p. What is the hundreds digit of p?
7
Suppose 1874 = 3*h - 3181. What is the tens digit of h?
8
Suppose -5*h = -2*s + 38409, 3*s - 2*s = -5*h + 19152. What is the hundreds digit of s?
1
Let p(j) = -4*j**3 - 3*j**2 - 14*j - 5. Let l be (-36)/(-9)*(2 + -3). What is the units digit of p(l)?
9
Let o(r) = r**3 + 15*r**2 + 4*r - 47. Let m be o(-19). Let p = -840 - m. What is the hundreds digit of p?
7
Let n be -6*45/(-108)*4. Suppose -n*h + 14*h - 3260 = 0. What is the tens digit of h?
1
Let n(z) = -z**3 - 2*z**2 - 6*z - 2. Let l be n(-3). Let h = 24 - l. What is the units digit of -69*(-2)/3 - h?
7
Suppose -519*r - 1742071 = -758*r. What is the units digit of r?
9
Suppose -774*r - 5*n + 20492 = -770*r, -5*r - 3*n = -25628. What is the tens digit of r?
2
Let r(g) = -5*g**2 - 72*g + 13. Let s be r(9). Let i = -484 - s. What is the hundreds digit of i?
5
Let l be (6/(-4))/(9/(-102)). Suppose -57 = -4*i + 5*k, -k = 4*i - 5*i + 14. Suppose -i*w + l*w = 16. What is the units digit of w?
4
Suppose j = 4*d + 36077 + 22078, -4*j = -3*d - 232724. What is the tens digit of j?
8
Suppose 9*p - 45378 = 16911. What is the thousands digit of p?
6
Suppose -9*t + 4*t + 25 = 0. Let o be 0 + 0 + 2*10/t. Suppose -2*i + 6 = 0, 4*i + o + 1 = h. What is the units digit of h?
7
Let f(x) = 34*x - 27. Let u be f(5). Suppose 3*r = -4*w + u, -6*w + 5*w = 2*r - 37. What is the units digit of w?
5
Let u = 12555 + -4776. What is the tens digit of u?
7
Suppose x = 0, -2*x - 81392 = -4*d - 12028. What is the ten thousands digit of d?
1
Let t(w) be the third derivative of 5/3*w**3 + 0*w + 14*w**2 - 5/24*w**4 + 1/60*w**5 + 0. What is the units digit of t(12)?
4
Let q be (-43 + 326)*10*1. Let s = q + -1942. What is the hundreds digit of s?
8
Let u(v) = -v**3 - 13*v**2 - 23*v - 6. Let o be u(-11). Let m = -1445 - -2444. Suppose -417 = -2*i - 5*z, o*i - 2*z - m = -0*z. What is the hundreds digit of i?
2
Suppose 4*t - 5*t + 259 = 0. What is the units digit of 34/(-34) + 2*t?
7
Let r be (-27)/45 - ((-1144)/(-10) + -3). What is the hundreds digit of (r/(-5))/((112/440)/7)?
6
Let i = -86 + 1064. Let t = -467 + i. What is the hundreds digit of t?
5
Let l(y) = 131*y + 55. Let b be l(9). Let z = b - 414. What is the hundreds digit of z?
8
Let g(p) = 9*p + 202. Let j be g(-22). Let h be ((-3)/6)/((-3)/24). Suppose j*o - n - 380 = 0, -h*n + 285 = 3*o + n. What is the tens digit of o?
9
Let i = 158874 - 109481. What is the units digit of i?
3
Let o(y) = y + 4. Let c be o(2). Suppose -1539 = 3*h - c*h. Let k = h - 308. What is the tens digit of k?
0
Suppose 5*q - 560 = -2*h, 143 = -4*q - 2*h + 591. Let f = 329 + q. What is the tens digit of f?
4
Let b(c) = -2*c**2 + 28*c + 74. Let s(g) = -6*g**2 + 86*g + 220. Let h(p) = -7*b(p) + 2*s(p). What is the units digit of h(-14)?
0
Suppose 18 - 66 = -16*z. Suppose -37*b = -40*b - 6, 0 = -g - z*b + 272. What is the tens digit of g?
7
Let g(w) be the first derivative of 49*w**2 - w + 58. What is the units digit of g(2)?
5
Let b = 1287 + -1803. Let o = 769 + b. What is the tens digit of o?
5
Suppose 166*u = 36168 + 86340. What is the units digit of u?
8
Suppose -124*u + 2359691 + 1485171 + 3554838 = 0. What is the thousands digit of u?
9
Let v = 2809 - -28767. What is the ten thousands digit of v?
3
Suppose -2*b + 739*k + 84770 = 743*k, -4*k = -5*b + 211841. What is the thousands digit of b?
2
Let h(y) = -23*y**3 + 67*y**2 + 8*y + 17. What is the units digit of h(-5)?
7
Suppose -16 = -4*i, -2*r = -6*r + 3*i + 184. Let j be (-20)/(-6)*1134/105. Let s = r + j. What is the units digit of s?
5
Suppose -70*u = -78818 - 166436 - 74226. What is the tens digit of u?
6
Let q(u) = -u + 15. Suppose 0 = -39*w + 34*w. Let y be q(w). Suppose -20*x = -y*x - 10. What is the units digit of x?
2
Let y = 17491 + -7975. What is the tens digit of y?
1
Let i = 28831 - 16866. Suppose -31*c + i + 5953 = 0. What is the tens digit of c?
7
What is the hundreds digit of (-5)/6*(-117)/390*56636?
1
Let w = 8486 - -10429. What is the units digit of w?
5
Suppose -19 - 16 = 5*k. What is the hundreds digit of 5/5 - (-293 - k)?
2
Suppose -2*t + q - 2 = -t, 2*t = 5*q - 7. Let h be -3 + t + -4 + 16. Suppose -3 = h*z - 219. What is the tens digit of z?
2
Let m be (-34 - -33) + (-980)/(-1). Suppose -3*w + 3918 = 2*v + 978, v = -w + m. What is the units digit of w?
2
Let c(h) = -32*h + 80. Let y be c(7). What is the tens digit of ((-12)/y*12)/((-2)/(-844))?
2
Suppose 23*m - 365 = 463. What is the tens digit of (-45)/m + 16107/12?
4
Let t be (-3)/(-15) - (-49)/5. Let m(y) = y**3 + t*y**2 + 11*y + 9*y - 3 - 12*y. What is the units digit of m(-9)?
6
Suppose 9*p = 5*p - 12. Let y be 115/10 - p/6. Suppose -y = 3*c + 3*o - 75, 97 = 5*c + 3*o. What is the units digit of c?
7
Suppose 19*v + 434154 = 59*v - 26*v. What is the ten thousands digit of v?
3
Let z be 1*(-5 - -11) - 5 - -819. Let u = z + -152. What is the hundreds digit of u?
6
Let p(a) = -2*a**2 - 28*a - 44. Let n be p(-12). Suppose y - 2782 = -3*x - 0*y, 0 = 3*x - n*y - 2807. What is the hundreds digit of x?
9
Let u(g) = 3*g**2 - g - 2. Let t be u(-1). Let c be (-2)/((-1)/2 + (1 - 1)). Suppose m + 3*m = 2*h + 688, -c*h = -t*m + 344. What is the tens digit of m?
7
Suppose -2*d + b + 2944 + 4960 = 0, 0 = -3*b - 12. What is the units 